01*i - 151. Give g(150).
-1
Let x(l) = 51*l - 206. Determine x(17).
661
Let v(x) = -9*x + 546. Give v(57).
33
Let o(h) = 50*h - 1286. Determine o(26).
14
Let k(l) = 3*l**2 + 32*l - 391. What is k(-18)?
5
Let r(z) = 7147*z + 42896. Determine r(-6).
14
Let n(o) = o**2 + 47*o - 64. Determine n(-47).
-64
Let y(s) = -282*s - 9300. Give y(-33).
6
Let v(b) = 2*b**2 - 87*b + 450. Calculate v(38).
32
Let c(i) = 3*i**3 - i**2 + 5*i - 68. Determine c(6).
574
Let o(k) = 4*k**3 - 82*k**2 + 41*k - 99. Calculate o(20).
-79
Let z(g) = -g**3 - 20*g**2 - 20*g + 36. Give z(-18).
-252
Let y(j) = -2*j**3 - 19*j**2 + 5*j - 7. Give y(-10).
43
Let d(h) = h**3 + 96*h**2 - 1426*h - 1000. What is d(-109)?
-19
Let l(r) = 950*r**2 - 8567*r + 156. Calculate l(9).
3
Let x(u) = -868*u + 14753. Give x(17).
-3
Let t(f) = -f**2 - 699*f - 2777. Determine t(-4).
3
Let u(h) = h**3 - 3*h**2 + 3. Calculate u(-3).
-51
Let i(k) = -k**2 + 17*k - 51. Determine i(10).
19
Let q(b) = -b**2 + 30*b - 9. What is q(17)?
212
Let s(g) = -85*g - 2843. Give s(-33).
-38
Let b(v) = 94*v + 702. Determine b(-5).
232
Let v(g) = -g**2 - 72*g - 761. Determine v(-61).
-90
Let v(y) = -4*y**3 + 276*y**2 + y + 141. Give v(69).
210
Let z(n) = 622*n + 6844. Determine z(-11).
2
Let o(m) = 4*m**2 - 226*m - 107. Calculate o(56).
-219
Let u(a) = 619*a - 628. Determine u(1).
-9
Let u(g) = -g**3 - 119*g**2 - 346*g + 216. Determine u(-116).
-16
Let p(t) = 11*t**2 + 142*t + 15. Give p(-11).
-216
Let f(i) = -16*i**2 - 4195*i + 3415. Calculate f(-263).
-4
Let x(f) = 138*f**2 + 3035*f. Calculate x(-22).
22
Let x(h) = 16*h**2 + 50*h - 454. Calculate x(-7).
-20
Let t(b) = b**3 - 15*b**2 - 42*b + 314. Calculate t(17).
178
Let j(z) = 2*z**2 - 113*z + 89. Give j(55).
-76
Let d(f) = -5*f**2 - 63*f - 5. What is d(-7)?
191
Let w(v) = 2*v**3 - 2*v**2 + 11*v - 1. Determine w(0).
-1
Let u(h) = 82*h - 11475. Give u(140).
5
Let h(x) = -2*x**3 + 35*x**2 + 88*x - 564. Give h(19).
25
Let w(i) = 8809*i + 17572. Give w(-2).
-46
Let y(w) = -w**3 + 21*w**2 - 36*w - 36. Give y(19).
2
Let b(u) = 12*u**2 - 139*u - 65. Give b(12).
-5
Let x(w) = -w**3 + 37*w**2 - 67*w + 41. Determine x(35).
146
Let p(r) = 227*r - 1378. Determine p(6).
-16
Let l(n) = -2*n**2 + 68*n - 797. Determine l(24).
-317
Let x(y) = -5*y**2 - 45*y - 40. Calculate x(-10).
-90
Let g(h) = -11*h**2 + 395*h + 62. Calculate g(36).
26
Let o(l) = -4633*l + 32426. What is o(7)?
-5
Let m(r) = -r**2 - 1632*r - 8144. What is m(-5)?
-9
Let o(b) = 2*b**3 + b**2 - b + 3. Determine o(-4).
-105
Let c(d) = 17*d**2 + 771*d - 521. Calculate c(-46).
-15
Let c(k) = -298*k - 2108. Give c(-7).
-22
Let d(x) = 500*x - 392. Give d(1).
108
Let v(y) = 2*y**3 - 13*y**2 - 9*y + 36. What is v(7)?
22
Let s(z) = 2799*z - 22397. What is s(8)?
-5
Let p(i) = -7*i**3 + 17*i**2 + 80*i + 31. Calculate p(5).
-19
Let l(d) = 118*d**2 - 951*d + 28. What is l(8)?
-28
Let h(w) = w**3 + 73*w**2 - 18*w - 1339. Calculate h(-73).
-25
Let h(j) = 237*j + 1487. What is h(-4)?
539
Let w(c) = c**3 + 47*c**2 - 66*c + 1516. Give w(-49).
-52
Let h(w) = -15*w - 474. What is h(-27)?
-69
Let v(o) = -402*o**2 + 6832*o + 32. Give v(17).
-2
Let x(f) = 1329*f - 7967. Calculate x(6).
7
Let h(z) = -118*z**2 - 944*z + 1. What is h(-8)?
1
Let f(r) = 5*r**2 - 13*r - 34. Determine f(6).
68
Let t(n) = -5*n**2 + 29*n - 40. Calculate t(12).
-412
Let n(g) = -g**2 + 1589*g + 63488. Calculate n(-39).
-4
Let m(o) = 5*o + 727. Determine m(-136).
47
Let x(b) = 10*b**3 + 63*b**2 + 12*b + 21. Determine x(-6).
57
Let w(c) = -5*c - 26. What is w(-7)?
9
Let h(g) = 22*g - 122. Calculate h(9).
76
Let k(a) = -a**3 + 2*a**2 + 8*a - 20. What is k(4)?
-20
Let o(n) = 991*n - 33690. What is o(34)?
4
Let u(j) = 1824*j - 7. Give u(0).
-7
Let v(m) = -186*m + 4462. Calculate v(24).
-2
Let z(b) = 127*b - 35. What is z(3)?
346
Let a(d) = d**2 + 74*d + 283. What is a(-70)?
3
Let a(k) = -55*k**2 - 12*k - 29. Give a(4).
-957
Let c(u) = -u**3 + 25*u**2 - 38*u + 13. Determine c(0).
13
Let d(h) = -3*h**3 - 4*h**2 - 4*h + 12. What is d(3)?
-117
Let g(w) = -11553*w - 127079. Give g(-11).
4
Let z(x) = -4*x**3 + 6*x**2 - 3*x - 5. Give z(3).
-68
Let s(q) = 31*q**2 - 56*q - 444. Determine s(-3).
3
Let p(d) = d**3 - 48*d**2 + 282*d + 40. Give p(7).
5
Let j(x) = 30*x - 9. What is j(-6)?
-189
Let o(g) = g**2 + 90*g + 212. Give o(-87).
-49
Let r(y) = -10*y**2 + 174*y - 75. Determine r(17).
-7
Let v(k) = 2*k**3 + 12*k**2 - 29*k + 12. Give v(6).
702
Let c(x) = x**3 + 8*x**2 + x + 10. Give c(-10).
-200
Let q(w) = 174*w + 1393. Determine q(-8).
1
Let a(n) = 560*n + 566. Calculate a(-1).
6
Let f(x) = -x**3 + 10*x**2 - 8*x + 25. Determine f(12).
-359
Let k(z) = 4*z**2 - 176*z + 1936. Calculate k(21).
4
Let c(f) = 23*f - 167. What is c(8)?
17
Let v(h) = 2*h**3 - 18*h**2 - 6*h + 177. Calculate v(8).
1
Let i(b) = 2*b**3 - 46*b**2 + 118*b - 2. Determine i(3).
-8
Let d(t) = -8051*t + 16106. Give d(2).
4
Let h(m) = m**3 + 8*m**2 - 11*m - 119. Calculate h(-8).
-31
Let l(y) = -9*y**2 - 56*y - 7. Determine l(-6).
5
Let t(b) = -23*b**2 + 417*b - 56. Determine t(18).
-2
Let o(p) = -9*p**2 - 15*p + 6. What is o(3)?
-120
Let y(m) = -8*m + 293. What is y(35)?
13
Let z(o) = -245*o + 701. Calculate z(3).
-34
Let q(g) = g**2 - 73*g + 1225. Give q(40).
-95
Let o(j) = -38*j - 160. Calculate o(-4).
-8
Let p(b) = 16*b**2 + 4*b - 235. Determine p(0).
-235
Let v(d) = 9*d**3 + 755*d**2 - 86*d - 157. Give v(-84).
11
Let f(h) = -h**2 + 264*h + 292. Give f(0).
292
Let o(l) = -2*l**3 - 293*l**2 + 1052*l + 297. Give o(-150).
-3
Let v(t) = -t**3 - 43*t**2 + 62*t + 454. Determine v(-44).
-338
Let q(y) = -y**3 - 2*y**2 + 7*y - 6. What is q(1)?
-2
Let p(k) = 2*k**3 - 19*k**2 + 17*k + 23. What is p(9)?
95
Let b(m) = -11*m + 175. What is b(10)?
65
Let l(i) = -37*i + 81. Calculate l(-4).
229
Let d(s) = 3*s**2 - 357*s + 350. Calculate d(118).
-4
Let n(i) = -i**2 + 57*i - 656. Give n(17).
24
Let y(t) = 2*t**2 + 277*t + 814. Calculate y(-3).
1
Let x(r) = -29*r**2 + 147*r - 16. Calculate x(5).
-6
Let p(v) = -90*v + 8909. What is p(99)?
-1
Let l(m) = m**3 + 7*m**2 - 11*m + 37. Calculate l(-8).
61
Let l(w) = -2*w**2 + 104*w + 217. Determine l(60).
-743
Let j(c) = 6*c - 117. Give j(-4).
-141
Let k(y) = 22*y**3 + 4*y**2 - 7*y - 20. What is k(-2)?
-166
Let h(f) = -f**2 + 14*f - 81. Calculate h(10).
-41
Let i(n) = -29*n**2 - 374*n + 33. Calculate i(-13).
-6
Let t(p) = 9*p + 341. Determine t(-38).
-1
Let k(j) = -j**3 - 41*j**2 + 38*j - 49. Calculate k(-42).
119
Let t(w) = -w**3 - 11*w**2 + 4*w - 85. Give t(-12).
11
Let j(c) = -c**3 - 40*c**2 + 78*c - 255. Give j(-42).
-3
Let m(t) = -109*t - 10354. What is m(-95)?
1
Let v(f) = f**2 + 65*f - 1795. Determine v(21).
11
Let b(i) = 63*i + 5248. Determine b(-84).
-44
Let z(f) = -8*f**2 - 14*f + 56. What is z(4)?
-128
Let o(f) = -2*f**3 + 12*f**2 + 239*f - 739. Calculate o(13).
2
Let o(q) = -q**3 - 34*q**2 - 128*q - 5690. Give o(-35).
15
Let i(q) = 9*q**2 - 108*q - 128. What is i(-1)?
-11
Let f(d) = -144*d - 3523. Give f(-22).
-355
Let h(q) = 23*q - 61. Determine h(6).
77
Let f(w) = w**3 + 11*w**2 + 25*w + 335. Give f(-12).
-109
Let z(t) = -t**3 + 26*t**2 - 45*t - 28. What is z(24)?
44
Let o(w) = -w**2 + 32*w + 42. Give o(-11).
-431
Let v(t) = 2*t**3 - 36*t**2 - 13*t - 1. What is v(18)?
-235
Let z(l) = -6*l - 265. What is z(-44)?
-1
Let y(b) = 6*b**3 + 41*b**2 + 60*b - 3. Give y(-2).
-7
Let r(z) = -7*z + 25. What is r(-24)?
193
Let m(f) = -3*f**2 - 20*f - 39. Calculate m(-7).
-46
Let n(l) = -l**3 + 39*l**2 - 69*l - 173. Determine n(37).
12
Let y(g) = -g**2 - 3*g + 331. Determine y(-17).
93
Let q(l) = 3*l**2 - 11*l + 34. Calculate q(6).
76
Let v(i) = i**3 - 13*i**2 - 34*i + 37. Calculate v(15).
-23
Let j(v) = 80*v + 46. Give j(-3).
-194
Let v(a) = a**2 - 118*a - 740. What is v(-6)?
4
Let y(f) = 2*f**2 - 534*f - 16. Calculate y(0).
-16
Let z(v) = -v**2 + v + 1579. Give z(40).
19
Let g(y) = -2*y**3 - 37*y**2 - 135*y - 13. Give g(-5).
-13
Let g(w) = -2*w**3 + 10*w**2 - 22*w - 61. Calculate g(-5).
549
Let u(q) = -30*q**3 - 12*q**2 + 12*q - 1. Give u(2).
-265
Let z(u) = -46*u**2 + 365*u + 26. Determine z(8).
2
Let p(h) = -h**2 - 824*h - 34338. Calculate p(-44).
-18
Let v(n) = -n**2 - 15*n - 115. Calculate v(0).
-115
Let g(w) = -61*w**2 - 251*w - 6. Calculate g(-4).
22
Let t(p) = -p**3 - 9*p**2 - 3*